33 = -s + 17. Let r = -106 + s. What is the tens digit of r?
4
Let x(p) = -20*p**2 - 3*p + 2. Let c be x(-2). Let a = 104 + c. What is the tens digit of a?
3
Let p be 6/33 - (-204)/(-33). Let n = p + 10. Suppose -g + 6*g = -5*d + 55, 52 = 2*g - n*d. What is the units digit of g?
6
Suppose 0*c = -10*c + 3200. What is the units digit of c?
0
Let h = 210 - -240. What is the units digit of h?
0
Suppose -t - t + 1922 = i, 0 = -5*t + 3*i + 4783. What is the tens digit of t?
5
Let n(b) be the second derivative of -10*b**3/3 - 6*b**2 - 20*b. What is the tens digit of n(-6)?
0
Suppose 6*x = 7*x - 3. Suppose 0 = h - 0*h - x*g - 16, 2*h = g + 7. What is the tens digit of h/(-4) + 3486/56?
6
Suppose -2*x - 3*k = -220, x = 4*k - 19 + 151. Suppose -6*f = -2*f - x. What is the tens digit of 1 + -5 + f + -3?
2
Let a(s) = -s**2 + 11*s - 3. Let x = 11 + -6. Suppose 5*n - h - 33 = -0*h, x*h = n + 3. What is the units digit of a(n)?
5
Let z be -3*6/9 + 35. Suppose 0 = 12*g - 11*g - z. What is the units digit of g?
3
What is the hundreds digit of 5 + -277*(-7 - -6)?
2
Suppose 4*u + m = 9069, m = 2*u + 2*m - 4533. What is the units digit of u?
8
Suppose 0 = 4*b - 5*o + 1, 3*b = -0*o - 2*o + 28. What is the tens digit of 58 + (b/1 - 4)?
6
Let m(w) = -w**3 - 15*w**2 - 14*w + 5. Let g be m(-14). Suppose -g*t + c = -393, -3*t + 4*c + 90 = -139. What is the tens digit of t?
7
Let m(r) = 14*r**2 + 4*r + 4. What is the tens digit of m(7)?
1
Suppose 0 = 22*u - 18277 - 48009. What is the units digit of u?
3
Suppose 4*n + 4 = -5*v + 6, -5*v - n = 7. Suppose 2*m = 3*h - 15, 5*h = 4*m + 28 + 3. What is the units digit of m/3 - (v - 62)?
1
Let u = 1765 + -952. What is the tens digit of u?
1
Let c(y) = -3 - 2 - 43*y + 47*y. Let s be c(-5). Let p = 15 - s. What is the units digit of p?
0
Let s(k) = 2*k**3 + 17*k**2 - 28*k - 19. What is the thousands digit of s(10)?
3
Let l(b) = -1013*b - 36. Let m be l(-3). Suppose 3*s - 16*s = -m. What is the tens digit of s?
3
Suppose -405 = -0*l - 2*l - 3*b, -610 = -3*l - 2*b. Suppose -3*t + 199 = 2*q, 3*t + 0*q - l = 3*q. What is the tens digit of t?
6
Suppose 0 = -4*w + 20 + 24. Let y(x) = 20*x - 34. What is the units digit of y(w)?
6
Let u = -15 - -18. Let d(m) = 2*m**2 + 15*m - 11. Let x be d(-11). What is the units digit of x/(9/(-6) + u)?
4
Let y = 157 + 4. What is the units digit of y?
1
Let r(n) be the second derivative of 0*n**4 + 1/20*n**5 + n + 0*n**2 + 0 + 2/3*n**3. What is the units digit of r(3)?
9
Suppose 4 = 4*a - 3*f, -3*a + 6*f + 10 = 2*f. What is the units digit of (22 - 0)*(-5)/a?
5
Suppose 0 = -t + 2*t - 2*q + 3, 0 = -4*t + 2*q. Suppose -t = -2*o + 5. Suppose 4*z = -n + 65, o*z + 5*n = 45 + 8. What is the tens digit of z?
1
Suppose -2*p = 2*r - 258 - 690, -4*r = -4*p + 1872. What is the hundreds digit of p?
4
Let i be (-8)/28 - (-447)/21. Let m = 23 - i. Suppose -m*r + 68 = -10. What is the units digit of r?
9
Let s(f) = -3*f**3 - f**2 - 3*f - 4. Let x be (-2 - -1)/(18/(-36)). Suppose 2*w - 2 = -0*d - 3*d, d - x = 0. What is the units digit of s(w)?
2
Let s = 564 - 499. What is the tens digit of s?
6
Let l = 1692 + -1275. What is the units digit of l?
7
Let n be ((-2)/(-6))/((-12)/(-72)). Suppose -37 = -n*t + 13. What is the tens digit of t?
2
Let k be 4*7/((-112)/1212). Let b = -146 - k. What is the hundreds digit of b?
1
Let d(t) = -23*t - 10. Let u(v) = -93*v - 41. Let c(x) = 9*d(x) - 2*u(x). What is the tens digit of c(-5)?
9
Suppose -2*n + 4*i - 3 = -5, n - 5*i = 1. Let o(a) = 6 - 7 - n - 2*a. What is the tens digit of o(-8)?
1
Let r(i) = 48*i**2 - 32*i + 159. What is the hundreds digit of r(7)?
2
Let h = -6 - -6. Suppose -5*a + 18 - 8 = h. Suppose -4*z = 5*v - 89, 5*v - 91 + 8 = a*z. What is the tens digit of v?
1
Suppose 2*h - 6 = 2*l, -5*h - 2*l = 2*l + 12. Suppose 4*u = 2*k + 16, -11 = 4*k - u - h*u. What is the units digit of (-32)/(-4)*(4 + k)?
6
What is the tens digit of (44 + -2 - 238/34)/1?
3
Suppose 5*z - 2605 = -4*c, -3*c - 20 = -5. What is the units digit of z?
5
Let w be (-25)/10*(-8)/10. Let d = -5 + w. What is the units digit of 2/d - 69/(-9)?
7
Let l(z) = -9*z**3 + z**2 + z. Let k be l(-1). Let v be (-242)/(-2) - (k - 7). Suppose 0 = -5*p + v + 141. What is the units digit of p?
2
Suppose 0 = 5*q - 3*d - 2967 + 585, -q - 2*d = -479. What is the hundreds digit of q?
4
Let j = -17 - -75. Let u = 46 + -85. Let f = j + u. What is the tens digit of f?
1
Let d = 3752 - 2508. What is the thousands digit of d?
1
Let v = -34 + 34. Suppose 3*p - 662 = -v*p - 2*x, 3*x - 433 = -2*p. What is the tens digit of p?
2
Let m = 8 - 14. Let n(c) = c**3 + 5*c**2 - 6*c + 3. Let t be n(m). Suppose t*v = 4*v - 20. What is the tens digit of v?
2
Let x = 551 + -521. What is the units digit of x?
0
Suppose 0 = i + 76 + 597. Let q = i - -437. What is the tens digit of q/(-24) + (-2)/(-12)?
1
Suppose -3*g - 4*w = -2039, 0 = -4*g + 6*g + 5*w - 1364. What is the tens digit of g?
7
Let s(n) = 7*n**2 - n. Let k be s(1). Let b be ((-3)/5)/(64/960). What is the tens digit of 10/k*b/(-1)?
1
Let u = -3 - -2. Let r be 0 + (u - 54)*-1. Suppose 2*b = 5*g - 120, 5*b + r + 14 = 2*g. What is the units digit of g?
2
Let o be ((-7)/(-28))/(1/(-4)). Let y be o/((-148)/72 + 2). What is the units digit of ((-42)/(-9) - 1)*y?
6
Let j = 272 + -221. What is the units digit of j?
1
Let t(z) = -z**2 - 12*z - 16. Let p be t(-8). Let k be (120/p)/(6/88). What is the units digit of k/6 - (-10)/(-30)?
8
Let o(t) = -t**2 + 5*t + 2. Let r be o(4). Suppose 3 = -m - r. Let u = m - -10. What is the units digit of u?
1
Let x be (-7)/28 + (-433)/(-4). Suppose h = -3*h + x. Suppose u + h = p, 3*p = 7*p - 5*u - 103. What is the tens digit of p?
3
Let b = -209 + 327. Suppose -3*h = -b - 356. What is the tens digit of h?
5
Suppose -5 - 1 = -3*m. Suppose -10*g - 8 = -m*g. What is the tens digit of (-1 + g)*19/(-2)?
1
Let f = 2555 + -1770. Suppose 3*w - 6*w + 2*a = -f, -a + 782 = 3*w. What is the hundreds digit of w?
2
Let o(j) = 75*j - 2. Let r be o(3). Let s = r - 91. Suppose s = -2*w + 4*w + 4*q, -4*q + 244 = 4*w. What is the tens digit of w?
5
What is the hundreds digit of (1107 - 13)/(8/12)?
6
Suppose 5*u - 4*b = 1230, 3*u - 3*b - 212 = 529. What is the units digit of (0 + -2)*(-3 + u/(-4))?
7
Suppose d + 3*d - 16 = 0. Let z(v) = -v**2 + 6*v - 6. Let h be z(d). Suppose 8 = h*k - 16. What is the units digit of k?
2
Suppose -3*m + m + 568 = 0. Suppose -3*z + g = -218, -4*z + 0*z = 2*g - m. What is the units digit of z?
2
Let b(z) = 2*z + 8. Let v(o) = -o**2 - o + 1. Let q(p) = -b(p) + v(p). Let f be q(-9). Let n = -32 - f. What is the units digit of n?
9
Let m = 6010 + -3603. What is the hundreds digit of m?
4
Let k(i) = -9*i**2 - 5*i**3 + 3 - 107*i + 3*i**3 + 109*i. What is the units digit of k(-5)?
8
Let v be 259/(-49) - (-4)/14. Let g(u) = -6*u**2 - 2*u - 6. Let j(h) = 7*h**2 + 2*h + 7. Let z(c) = v*j(c) - 6*g(c). What is the units digit of z(-5)?
6
Let i be (-6)/(-14)*(-105)/(-15). Suppose 3*c = -0*c - i. What is the units digit of (-4 - c)*(-7 - -4)?
9
Let q(w) = 2*w**3 - 7*w**2 - 10. Suppose 4*j = -0*j + 5*u + 10, -3*u + 6 = 0. What is the units digit of q(j)?
5
Let a = 695 - 392. What is the units digit of a?
3
Suppose -2*c + 28 = -4*k, 2*k + 1 + 1 = -2*c. Suppose c*m - 409 = 167. What is the hundreds digit of m?
1
Suppose 0*o + 3*o = n - 13, 7 = -n - o. Let k be ((-2)/(-6))/(2/(-18)). What is the units digit of ((-22)/k)/(n/(-9))?
3
Suppose -11*a + 6*a + 10 = 0. Let f(u) = 13*u**2 + 11*u - 12*u**3 + 11*u**3 - 6*u**a + 13 + 4*u**2. What is the units digit of f(12)?
1
Let m be -96*5/((-60)/(-32)). Let t = -66 - m. What is the tens digit of t?
9
Let w = -2494 - -4065. What is the units digit of w?
1
Let a(t) = 9*t**2 + 7*t - 16. What is the hundreds digit of a(6)?
3
Let i = -626 + 1048. What is the tens digit of i?
2
What is the tens digit of (3*1880/150)/(2/40)?
5
Suppose -20*g + 24*g = 16. What is the units digit of g?
4
Let c(w) = -w**2 - 2*w + 4. Let v be c(-3). Let j = 44 + v. What is the units digit of j?
5
Suppose 3*x + 420 = 4*u + 48, 3*u + 5*x - 250 = 0. Let p = u + -32. What is the units digit of p?
8
Let s = -885 - -1993. What is the units digit of s?
8
What is the hundreds digit of 2/(-4)*401*498/(-83)?
2
Let c be 412/(-14) + 16/28*-1. Suppose -4